 is the highest common divisor of 1271509 and 2454813?
1357
What is the greatest common divisor of 2964 and 61904128?
988
What is the highest common factor of 206577216 and 3600?
144
Calculate the highest common factor of 2717 and 1135140864.
2717
Calculate the greatest common factor of 39840 and 2615520.
480
Calculate the greatest common divisor of 6929760 and 860.
20
What is the greatest common factor of 75078800 and 54900?
6100
Calculate the highest common divisor of 88368 and 5796.
84
What is the highest common factor of 432 and 363996?
36
Calculate the greatest common factor of 84727 and 184819.
439
Calculate the greatest common divisor of 362135304 and 801.
801
What is the highest common factor of 4995880 and 2680?
40
Calculate the greatest common factor of 27594 and 609903.
189
Calculate the greatest common factor of 7491114 and 10512.
1314
What is the greatest common factor of 89792 and 549?
61
Calculate the highest common factor of 114284958 and 3092.
1546
What is the highest common divisor of 948386 and 1038?
346
Calculate the greatest common divisor of 993 and 620107647.
993
Calculate the highest common factor of 538 and 79792932.
538
What is the greatest common divisor of 629 and 87727?
37
Calculate the greatest common factor of 86849736 and 96.
24
What is the greatest common divisor of 2192 and 4869488?
16
Calculate the greatest common factor of 20636312 and 256.
8
What is the highest common factor of 342 and 449919468?
342
Calculate the greatest common factor of 25962936 and 1704.
24
What is the greatest common divisor of 2031588 and 178308?
1404
What is the greatest common divisor of 2187 and 7041?
3
What is the highest common factor of 7403 and 8943?
11
Calculate the highest common divisor of 905 and 68010.
5
What is the greatest common divisor of 18552 and 1072872?
24
What is the highest common factor of 935 and 13760021?
187
Calculate the highest common divisor of 636898 and 395000.
158
Calculate the greatest common divisor of 1013958 and 51678.
1782
Calculate the highest common divisor of 792 and 7095176.
88
Calculate the highest common divisor of 104618 and 85544.
578
Calculate the highest common factor of 3528 and 2210733.
441
What is the greatest common divisor of 56966 and 672?
14
Calculate the highest common factor of 211714164 and 1684.
1684
Calculate the highest common factor of 57379699 and 91.
13
What is the greatest common divisor of 620 and 8932216?
124
What is the greatest common divisor of 57106317 and 2829?
123
Calculate the highest common divisor of 158152 and 978752.
2984
What is the greatest common divisor of 57 and 160823011?
19
What is the greatest common divisor of 745 and 20937085?
5
What is the greatest common factor of 241961 and 1078483?
43
What is the highest common divisor of 143648 and 13456?
16
Calculate the greatest common factor of 1009464 and 16.
8
What is the highest common factor of 144552042 and 252?
18
Calculate the greatest common factor of 1974196 and 29232.
28
Calculate the highest common divisor of 1725169 and 158297.
2683
What is the highest common factor of 865683 and 273?
273
What is the greatest common factor of 5889163 and 36456?
1519
Calculate the highest common factor of 567 and 89982.
9
What is the greatest common divisor of 3415 and 937759?
683
What is the greatest common factor of 96 and 6247152?
48
What is the greatest common factor of 118617675 and 3300?
825
What is the greatest common divisor of 266962640 and 360?
40
What is the greatest common factor of 3268 and 1786822?
86
What is the greatest common divisor of 133721439 and 141?
141
What is the highest common divisor of 20777954 and 2127?
709
Calculate the greatest common divisor of 17600607 and 15651.
423
What is the greatest common factor of 115 and 19848770?
115
Calculate the highest common factor of 31 and 2286488669.
31
What is the highest common divisor of 91021170 and 19446?
2778
What is the highest common divisor of 757 and 238641979?
757
Calculate the greatest common factor of 465280 and 4460.
20
What is the highest common divisor of 4973878 and 10066?
14
Calculate the greatest common factor of 28321425 and 825.
825
What is the greatest common factor of 7406 and 3065072?
46
What is the greatest common factor of 366 and 193410?
6
What is the highest common divisor of 53835123 and 183?
183
What is the greatest common divisor of 341 and 827651?
11
What is the highest common divisor of 385 and 8657705?
35
What is the highest common factor of 280380 and 1080?
60
Calculate the highest common factor of 33242 and 88418.
22
What is the highest common divisor of 15 and 5740263?
3
What is the highest common divisor of 124926 and 14351871?
1329
What is the highest common divisor of 660456 and 4095?
9
What is the greatest common divisor of 415546 and 5262660?
346
What is the highest common divisor of 11297 and 2796079?
143
Calculate the highest common divisor of 721842 and 1881.
33
What is the greatest common factor of 106512620 and 1090?
1090
What is the highest common divisor of 9351446 and 15184?
1898
Calculate the greatest common factor of 2336 and 363540.
292
What is the highest common factor of 342 and 27877626?
18
What is the highest common factor of 11983 and 292353?
23
What is the greatest common divisor of 12066 and 2765533233?
6033
What is the greatest common divisor of 11865 and 1761?
3
Calculate the highest common divisor of 81224409 and 12135.
2427
What is the highest common factor of 1136440246 and 28904?
7226
Calculate the greatest common divisor of 154 and 139918702.
154
What is the greatest common factor of 7982975 and 273325?
9425
Calculate the highest common divisor of 522 and 78857322.
174
Calculate the highest common factor of 1748440 and 5.
5
Calculate the greatest common divisor of 206754 and 19533.
51
What is the highest common factor of 156058 and 1616472?
314
Calculate the greatest common divisor of 5786914 and 1526.
14
What is the greatest common factor of 36014780 and 236?
236
What is the greatest common factor of 223899524 and 2542?
82
Calculate the greatest common divisor of 20501932 and 20196.
748
Calculate the greatest common factor of 496084986 and 270.
54
What is the highest common factor of 38871823 and 305?
61
What is the greatest common factor of 7263588 and 11556?
1284
Calculate the highest common divisor of 1827451 and 750856.
5521
Calculate the highest common factor of 210 and 64106070.
210
Calculate the greatest common factor of 1599 and 296665422.
123
Calculate the highest common divisor of 502410321 and 6.
3
Calculate the greatest common factor of 64179 and 6515357.
2377
What is the highest common factor of 50092 and 6916?
28
Calculate the greatest common divisor of 31673268 and 135.
27
Calculate the highest common divisor of 72996 and 2079.
231
Calculate the greatest common divisor of 742 and 5213451.
53
Calculate the highest common factor of 9522 and 2182.
2
Calculate the highest common factor of 2160 and 25505496.
216
Calculate the highest common divisor of 2879298 and 342.
342
Calculate the highest common factor of 8095245 and 210.
15
Calculate the greatest common factor of 392 and 76214600.
392
What is the greatest common divisor of 2482313 and 1566?
29
Calculate the greatest common factor of 70262 and 121258.
38
Calculate the greatest common factor of 49600 and 59680.
160
Calculate the greatest common factor of 22638890 and 11564.
118
Calculate the highest common divisor of 15660 and 276225.
435
Calculate the highest common divisor of 2060 and 5026760.
20
Calculate the highest common factor of 841872 and 60.
12
Calculate the highest common divisor of 1151693252 and 172.
172
What is the greatest common divisor of 51525011 and 25551?
2839
Calculate the highest common divisor of 53 and 41019.
1
What is the greatest common factor of 19581 and 945439?
61
What is the greatest common divisor of 25713153 and 91620?
4581
Calculate the highest common divisor of 3523 and 7867130.
271
Calculate the greatest common divisor of 23315685 and 1005.
15
What is the greatest common factor of 54 and 329502?
6
What is the greatest common divisor of 96833099 and 1529?
1529
What is the greatest common divisor of 18239 and 1485289?
793
What is the highest common factor of 4739669 and 1529?
11
Ca